{"id":4397,"date":"2020-09-01T14:53:32","date_gmt":"2020-09-01T14:53:32","guid":{"rendered":"http:\/\/hofgardur.is\/?page_id=4397"},"modified":"2024-08-07T14:36:21","modified_gmt":"2024-08-07T14:36:21","slug":"leikskolinn-lambhagi","status":"publish","type":"page","link":"https:\/\/hofgardur.is\/?page_id=4397","title":{"rendered":"Leiksk\u00f3linn Lambhagi"},"content":{"rendered":"<h1 class=\"titill\">Leiksk\u00f3linn Lambhagi &#8211; hagn\u00fdtar uppl\u00fdsingar<\/h1>\n<div class=\"titill\">\n<p>Starfs\u00e1\u00e6tlun Leik- og grunnsk\u00f3lans Lambhaga:<\/p>\n<p><a href=\"http:\/\/hofgardur.is\/wp-content\/uploads\/2024\/08\/Starfsaaetlun-Leik-og-grunnskolans-hofgardi-2024-25.pdf\">Starfs\u00e1\u00e6tlun-Leik-og-grunnsk\u00f3lans-hofgardi 2024-25<\/a><\/p>\n<p>Leiksk\u00f3ladagatal \u00feessa sk\u00f3la\u00e1rs m\u00e1 finna h\u00e9r:<\/p>\n<p><a href=\"http:\/\/hofgardur.is\/wp-content\/uploads\/2024\/08\/leikskoladagatal-2024-2025.pdf\">leiksk\u00f3ladagatal 2024-2025<\/a><\/p>\n<p>Sk\u00f3ladagatal grunnsk\u00f3lans<\/p>\n<p class=\"titill\"><a href=\"http:\/\/hofgardur.is\/wp-content\/uploads\/2024\/08\/skoladagatal-2024-2025.pdf\">sk\u00f3ladagatal 2024-2025<\/a><\/p>\n<h1>Um leiksk\u00f3lann:<\/h1>\n<\/div>\n<p>\u00cd Hofgar\u00f0i starfar Leiksk\u00f3linn Lambhagi \u00ed samstarfi vi\u00f0 Grunnsk\u00f3lann \u00ed Hofgar\u00f0i: sk\u00f3lastj\u00f3ri grunnsk\u00f3lans st\u00fdrir b\u00e1\u00f0um sk\u00f3ladeildum.<\/p>\n<p>Leiksk\u00f3ladeild hefur veri\u00f0 starfr\u00e6kt \u00ed Hofgar\u00f0i fr\u00e1 \u00e1rinu 1992, fyrst \u00e1 vegum foreldra en s\u00ed\u00f0ar sem deild \u00ed Grunnsk\u00f3lanum \u00ed Hofgar\u00f0i. Stutt hl\u00e9 var\u00f0 \u00e1 starfsemi leiksk\u00f3lans vori\u00f0 2009 vegna \u00feess hve f\u00e1 b\u00f6rn \u00e1 leiksk\u00f3laaldri bjuggu \u00ed \u00d6r\u00e6funum en 2016 t\u00f3k leiksk\u00f3ladeildin til starfa a\u00f0 n\u00fdju og hlaut nafni\u00f0 Lambhagi.<\/p>\n<p>Leiksk\u00f3linn Lambhagi \u00fej\u00f3nar sveitinni \u00d6r\u00e6fum. Milli austasta b\u00e6jarins Kv\u00edskerja og vestasta b\u00e6jarins Skaftafells eru u.\u00fe.b. 45 k\u00edl\u00f3metrar. \u00cdb\u00faar sveitarinnar hafa vanist \u00fev\u00ed \u00ed gegnum t\u00ed\u00f0ina a\u00f0 bjarga s\u00e9r sj\u00e1lfir \u00fev\u00ed langt er \u00ed n\u00e6stu \u00fe\u00e9ttb\u00fdlissta\u00f0i og samg\u00f6ngur oft erfi\u00f0ar \u00fe\u00f3 visulega hafi \u00fear or\u00f0i\u00f0 miklar breytingar s\u00ed\u00f0ustu \u00e1ratugi. A\u00f0al atvinnugrein sveitarinnar hefur lengi veri\u00f0 landb\u00fana\u00f0ur en \u00e1 s\u00ed\u00f0ustu \u00e1rum hefur fer\u00f0a\u00fej\u00f3nusta veri\u00f0 vaxandi og er or\u00f0in mikill drifkraftur \u00ed samf\u00e9laginu samhli\u00f0a landb\u00fana\u00f0i.<\/p>\n<p>S\u00e9rsta\u00f0a sk\u00f3lans markast af sta\u00f0setningu hans og \u00fev\u00ed f\u00e1g\u00e6ta umhverfi sem hann er \u00ed milli tveggja sanda: Skei\u00f0ar\u00e1rsands \u00ed vestri og Brei\u00f0amerkurssands \u00ed austri, sunnan undir \u00d6r\u00e6faj\u00f6kli sem er hluti af st\u00e6rsta j\u00f6kli landsins, Vatnaj\u00f6kli.<\/p>\n<p>Leiksk\u00f3linn Lambhagi er f\u00e1mennur leiksk\u00f3li me\u00f0 b\u00f6rn \u00e1 aldrinum 1 \u00e1rs til 5 \u00e1ra og tvo starfsmenn. Leiksk\u00f3lal\u00f3\u00f0in er afgirt en stundum n\u00fdta kennarar l\u00edka sk\u00f3lal\u00f3\u00f0ina og elstu b\u00f6rnin nota hana l\u00edka. Lambhagi er opinn 8 stundir \u00e1 dag, fr\u00e1 8:30-16:30, 5 daga vikunnar, en hann fylgir a\u00f0 mestu sk\u00f3ladagatali grunnsk\u00f3lans og eru \u00fev\u00ed vetrarfr\u00ed, j\u00f3lafr\u00ed og p\u00e1skafr\u00ed eins og \u00ed grunnsk\u00f3lanum. Hins vegar er leiksk\u00f3linn starfandi yfir sumari\u00f0 a\u00f0 undanskildu m\u00e1na\u00f0arl\u00f6ngu sumarfr\u00edi fr\u00e1 mi\u00f0jum j\u00fal\u00ed og fram \u00ed mi\u00f0jan \u00e1g\u00fast.<\/p>\n<p>Leiksk\u00f3linn fylgir stefnunni\u00a0<em>Uppeldi til \u00e1byrg\u00f0ar, uppeldi sem virkar<\/em> en stefnan er au\u00f0vita\u00f0 \u00ed s\u00edfelldri endursko\u00f0un. \u00cd Lambhaga er unni\u00f0 eftir menntastefnu sveitarf\u00e9lagsins og A\u00f0aln\u00e1mskr\u00e1 leiksk\u00f3la. Leiksk\u00f3linn er umhverfisv\u00e6nn, \u00fear er markviss flokkun og endurvinnsla.<\/p>\n<p>M\u00f6tuneyti er reki\u00f0 \u00ed Hofgar\u00f0i fyrir Leik- og Grunnsk\u00f3lann.<\/p>\n<p>Samskipti sk\u00f3lanna \u2013 \u201eBr\u00faum bili\u00f0\u201c.\u00a0L\u00f6g\u00f0 er \u00e1hersla \u00e1 a\u00f0 hafa gott samstarf milli grunnsk\u00f3lans og leiksk\u00f3ladeildarinnar.<\/p>\n<p>Markmi\u00f0<\/p>\n<ul>\n<li>A\u00f0 vi\u00f0halda g\u00f3\u00f0u samstarfi milli leik-og grunnsk\u00f3la<\/li>\n<li>A\u00f0 skapa samfellu \u00ed n\u00e1mi barna \u00e1 \u00feessum tveimur sk\u00f3lastigum<\/li>\n<li>A\u00f0 byggja upp gagnkv\u00e6man skilning og \u00feekkingu \u00e1 starfi kennaranna \u00e1 hvoru sk\u00f3lastigi<\/li>\n<li>A\u00f0 stu\u00f0la a\u00f0 vell\u00ed\u00f0an og \u00f6ryggi barnanna vi\u00f0 a\u00f0 fara \u00far leiksk\u00f3la \u00ed grunnsk\u00f3la<\/li>\n<li>A\u00f0 leggja dr\u00f6g a\u00f0 fars\u00e6lu n\u00e1mi barna me\u00f0 grunn\u00fe\u00e6tti menntunar a\u00f0 lei\u00f0arlj\u00f3si.<\/li>\n<\/ul>\n<p>Samkv\u00e6mt 16. grein laga um leiksk\u00f3la (2008) skal sveitarstj\u00f3rn koma \u00e1 gagnvirku samstarfi leiksk\u00f3la. \u00cd a\u00f0aln\u00e1mskr beggja sk\u00f3lastiga (2011) kemur fram a\u00f0 leiksk\u00f3lab\u00f6rn eigi a\u00f0 f\u00e1 t\u00e6kif\u00e6ri til a\u00f0 kynnast umhverfi og starfi grunnsk\u00f3lans me\u00f0an \u00feau eru enn \u00ed leiksk\u00f3la og vi\u00f0halda g\u00f3\u00f0um tengslum vi\u00f0 leiksk\u00f3lann eftir a\u00f0 grunnsk\u00f3lan\u00e1m hefst. Elstu b\u00f6rn leiksk\u00f3lans koma \u00ed reglulegar heims\u00f3knir og kynnast starfi grunnsk\u00f3lans og s\u00ed\u00f0an fara yngstu b\u00f6rn grunnsk\u00f3lans stundum \u00ed heims\u00f3kn \u00e1 leiksk\u00f3lann.<\/p>\n","protected":false},"excerpt":{"rendered":"<p>Leiksk\u00f3linn Lambhagi &#8211; hagn\u00fdtar uppl\u00fdsingar Starfs\u00e1\u00e6tlun Leik- og grunnsk\u00f3lans Lambhaga: Starfs\u00e1\u00e6tlun-Leik-og-grunnsk\u00f3lans-hofgardi 2024-25 Leiksk\u00f3ladagatal \u00feessa sk\u00f3la\u00e1rs m\u00e1 finna h\u00e9r: leiksk\u00f3ladagatal 2024-2025 Sk\u00f3ladagatal grunnsk\u00f3lans sk\u00f3ladagatal 2024-2025 Um leiksk\u00f3lann: \u00cd Hofgar\u00f0i starfar Leiksk\u00f3linn Lambhagi \u00ed samstarfi vi\u00f0 Grunnsk\u00f3lann \u00ed Hofgar\u00f0i: sk\u00f3lastj\u00f3ri grunnsk\u00f3lans st\u00fdrir b\u00e1\u00f0um sk\u00f3ladeildum. Leiksk\u00f3ladeild hefur veri\u00f0 starfr\u00e6kt \u00ed Hofgar\u00f0i fr\u00e1 \u00e1rinu 1992, fyrst \u00e1 vegum foreldra en s\u00ed\u00f0ar sem deild \u00ed Grunnsk\u00f3lanum \u00ed Hofgar\u00f0i. Stutt hl\u00e9 var\u00f0 \u00e1 starfsemi leiksk\u00f3lans vori\u00f0 2009 vegna \u00feess hve f\u00e1 b\u00f6rn \u00e1 leiksk\u00f3laaldri bjuggu \u00ed \u00d6r\u00e6funum en 2016 t\u00f3k leiksk\u00f3ladeildin til starfa a\u00f0 n\u00fdju og hlaut nafni\u00f0 Lambhagi. Leiksk\u00f3linn Lambhagi \u00fej\u00f3nar sveitinni \u00d6r\u00e6fum. Milli austasta b\u00e6jarins Kv\u00edskerja og vestasta b\u00e6jarins Skaftafells eru u.\u00fe.b. 45 k\u00edl\u00f3metrar. \u00cdb\u00faar sveitarinnar hafa vanist \u00fev\u00ed \u00ed gegnum t\u00ed\u00f0ina a\u00f0 bjarga s\u00e9r sj\u00e1lfir \u00fev\u00ed langt er \u00ed n\u00e6stu \u00fe\u00e9ttb\u00fdlissta\u00f0i og samg\u00f6ngur oft erfi\u00f0ar \u00fe\u00f3 visulega hafi \u00fear or\u00f0i\u00f0 miklar breytingar s\u00ed\u00f0ustu \u00e1ratugi. A\u00f0al atvinnugrein sveitarinnar hefur lengi veri\u00f0 landb\u00fana\u00f0ur en \u00e1 s\u00ed\u00f0ustu \u00e1rum hefur fer\u00f0a\u00fej\u00f3nusta veri\u00f0 vaxandi og er or\u00f0in mikill drifkraftur \u00ed samf\u00e9laginu samhli\u00f0a landb\u00fana\u00f0i. S\u00e9rsta\u00f0a sk\u00f3lans markast af sta\u00f0setningu hans og \u00fev\u00ed f\u00e1g\u00e6ta umhverfi sem hann er \u00ed milli tveggja sanda: Skei\u00f0ar\u00e1rsands \u00ed vestri og Brei\u00f0amerkurssands \u00ed austri, sunnan undir \u00d6r\u00e6faj\u00f6kli sem er hluti af st\u00e6rsta j\u00f6kli landsins, Vatnaj\u00f6kli. Leiksk\u00f3linn Lambhagi er f\u00e1mennur leiksk\u00f3li me\u00f0 b\u00f6rn \u00e1 aldrinum 1 \u00e1rs til 5 \u00e1ra og tvo starfsmenn. Leiksk\u00f3lal\u00f3\u00f0in er afgirt en stundum n\u00fdta kennarar l\u00edka sk\u00f3lal\u00f3\u00f0ina og elstu b\u00f6rnin nota hana l\u00edka. Lambhagi er opinn 8 stundir \u00e1 dag, fr\u00e1 8:30-16:30, 5 daga vikunnar, en hann fylgir a\u00f0 mestu sk\u00f3ladagatali grunnsk\u00f3lans og eru \u00fev\u00ed vetrarfr\u00ed, j\u00f3lafr\u00ed og p\u00e1skafr\u00ed eins og \u00ed grunnsk\u00f3lanum. Hins vegar er leiksk\u00f3linn starfandi yfir sumari\u00f0 a\u00f0 undanskildu m\u00e1na\u00f0arl\u00f6ngu sumarfr\u00edi fr\u00e1 mi\u00f0jum j\u00fal\u00ed og fram \u00ed mi\u00f0jan \u00e1g\u00fast. Leiksk\u00f3linn fylgir stefnunni\u00a0Uppeldi til \u00e1byrg\u00f0ar, uppeldi sem virkar en stefnan er au\u00f0vita\u00f0 \u00ed s\u00edfelldri endursko\u00f0un. \u00cd Lambhaga er unni\u00f0 eftir menntastefnu sveitarf\u00e9lagsins og A\u00f0aln\u00e1mskr\u00e1 leiksk\u00f3la. Leiksk\u00f3linn er umhverfisv\u00e6nn, \u00fear er markviss flokkun og endurvinnsla. M\u00f6tuneyti er reki\u00f0 \u00ed Hofgar\u00f0i fyrir Leik- og Grunnsk\u00f3lann. Samskipti sk\u00f3lanna \u2013 \u201eBr\u00faum bili\u00f0\u201c.\u00a0L\u00f6g\u00f0 er \u00e1hersla \u00e1 a\u00f0 hafa gott samstarf milli grunnsk\u00f3lans og leiksk\u00f3ladeildarinnar. Markmi\u00f0 A\u00f0 vi\u00f0halda g\u00f3\u00f0u samstarfi milli leik-og grunnsk\u00f3la A\u00f0 skapa samfellu \u00ed n\u00e1mi barna \u00e1 \u00feessum tveimur sk\u00f3lastigum A\u00f0 byggja upp gagnkv\u00e6man skilning og \u00feekkingu \u00e1 starfi kennaranna \u00e1 hvoru sk\u00f3lastigi A\u00f0 stu\u00f0la a\u00f0 vell\u00ed\u00f0an og \u00f6ryggi barnanna vi\u00f0 a\u00f0 fara \u00far leiksk\u00f3la \u00ed grunnsk\u00f3la A\u00f0 leggja dr\u00f6g a\u00f0 fars\u00e6lu n\u00e1mi barna me\u00f0 grunn\u00fe\u00e6tti menntunar a\u00f0 lei\u00f0arlj\u00f3si. Samkv\u00e6mt 16. grein laga um leiksk\u00f3la (2008) skal sveitarstj\u00f3rn koma \u00e1 gagnvirku samstarfi leiksk\u00f3la. \u00cd a\u00f0aln\u00e1mskr beggja sk\u00f3lastiga (2011) kemur fram a\u00f0 leiksk\u00f3lab\u00f6rn eigi a\u00f0 f\u00e1 t\u00e6kif\u00e6ri til a\u00f0 kynnast umhverfi og starfi grunnsk\u00f3lans me\u00f0an \u00feau eru enn \u00ed leiksk\u00f3la og vi\u00f0halda g\u00f3\u00f0um tengslum vi\u00f0 leiksk\u00f3lann eftir a\u00f0 grunnsk\u00f3lan\u00e1m hefst. Elstu b\u00f6rn leiksk\u00f3lans koma \u00ed reglulegar heims\u00f3knir og kynnast starfi grunnsk\u00f3lans og s\u00ed\u00f0an fara yngstu b\u00f6rn grunnsk\u00f3lans stundum \u00ed heims\u00f3kn \u00e1 leiksk\u00f3lann.<\/p>\n","protected":false},"author":4,"featured_media":0,"parent":0,"menu_order":0,"comment_status":"closed","ping_status":"closed","template":"","meta":[],"_links":{"self":[{"href":"https:\/\/hofgardur.is\/index.php?rest_route=\/wp\/v2\/pages\/4397"}],"collection":[{"href":"https:\/\/hofgardur.is\/index.php?rest_route=\/wp\/v2\/pages"}],"about":[{"href":"https:\/\/hofgardur.is\/index.php?rest_route=\/wp\/v2\/types\/page"}],"author":[{"embeddable":true,"href":"https:\/\/hofgardur.is\/index.php?rest_route=\/wp\/v2\/users\/4"}],"replies":[{"embeddable":true,"href":"https:\/\/hofgardur.is\/index.php?rest_route=%2Fwp%2Fv2%2Fcomments&post=4397"}],"version-history":[{"count":20,"href":"https:\/\/hofgardur.is\/index.php?rest_route=\/wp\/v2\/pages\/4397\/revisions"}],"predecessor-version":[{"id":4993,"href":"https:\/\/hofgardur.is\/index.php?rest_route=\/wp\/v2\/pages\/4397\/revisions\/4993"}],"wp:attachment":[{"href":"https:\/\/hofgardur.is\/index.php?rest_route=%2Fwp%2Fv2%2Fmedia&parent=4397"}],"curies":[{"name":"wp","href":"https:\/\/api.w.org\/{rel}","templated":true}]}}